?
-2
(-1 - -2) + (10 - (16 - 10))
5
What is the value of -1 - (1 - 1) - (-13 + 17)?
-5
Evaluate 6 - (1 - 3) - 12.
-4
Evaluate 7 + -5 + 2 + -3.
1
What is -3 + (6 - (6 - 0))?
-3
What is -7 + (19 - (8 - 4))?
8
Calculate 43 + -49 + (-1 - -8).
1
Calculate 5 - (0 + 1 - (5 + -7)).
2
What is 5 - ((12 - -1) + -17)?
9
What is 0 - (-6 - -5) - (-2 - -2)?
1
-5 - (1 - 5 - -6)
-7
Calculate -2 - (6 - (2 + -3 + 0)).
-9
Calculate 4 + -8 - 5 - -14.
5
Evaluate (-2 - (3 - -1)) + (-29 - -38).
3
What is 5 + (3 - 1 - 3)?
4
-3 - (0 + (-8 - -1 - 1))
5
What is (5 + -2 - (-4 - -2)) + -7?
-2
What is the value of -4 + (6 - 13) + 14?
3
What is the value of 3 + -4 + -3 + 5?
1
What is the value of (-1 - 0) + 1 + -6?
-6
Evaluate (8 - 7) + (-4 - -20) + -7.
10
What is the value of -2 + (-3 - (4 - 5) - -4)?
0
Evaluate 5 + (-7 - -9) + 1 + -5.
3
Calculate 0 + 13 + -2 + 126 + -127.
10
What is the value of 6 + -1 - (-6 + 14)?
-3
What is 7 - (-2 + 8 + 0)?
1
What is the value of 1 + (-13 + 2 + 6 - -6)?
2
Calculate 3 + -6 + 10 + -13 + 6.
0
Evaluate -3 + 0 + 0 + 1 + -2.
-4
What is the value of (0 - 1) + 6 + -6?
-1
Evaluate -5 - (-1 + 6 + -11).
1
Evaluate (6 - (7 + -4)) + -5.
-2
Calculate 10 + (8 - 15) - -1.
4
Evaluate 1 + 0 + 3 - 0.
4
What is the value of 6 + (-14 - -10 - (6 + -3))?
-1
What is 2 - -1 - (11 - (21 + -14))?
-1
What is (9 - 8) + -6 + 0?
-5
Calculate 0 - 7 - (28 + -30).
-5
Calculate 0 + -2 + (-6 - (-4 + 5)).
-9
Calculate -12 + 2 + -8 + 13.
-5
Calculate 2 + -11 + (7 - 4).
-6
Calculate -3 + (5 - (-2 - -7 - 7)).
4
Evaluate 4 + -1 + -8 + 5.
0
Calculate -11 + -1 + -2 + 9 + -2.
-7
Calculate 0 + -5 + (0 - -1 - -1).
-3
What is 6 - (-1 + 2) - 3?
2
What is the value of 7 + -4 + -2 + 1 - -3?
5
What is -1 + (-4 - (-8 - -10))?
-7
0 - (6 - (0 + 8 + 0))
2
-13 - -6 - (-8 - 2)
3
What is 4 + -6 + 1 + 2?
1
What is the value of 1 + 0 - 3 - -6?
4
1 + 3 + -7 + (2 - 3)
-4
Evaluate 3 + (2 - ((-5 - -3) + 12)).
-5
What is the value of (0 - (3 + -1)) + 4?
2
Evaluate (-4 - (5 - 5)) + 5.
1
Calculate 6 - -1 - (1 + -2) - 1.
7
Calculate (4 - -4) + (1 + -3 - -3).
9
Evaluate 0 + -15 + 13 + (2 - 1).
-1
What is the value of -8 + 1 - (65 - 70)?
-2
What is 7 - (-1 - (-16 - -3))?
-5
Calculate 6 - (2 + (7 - -2)).
-5
Calculate 5 + -13 + 12 - 14.
-10
Calculate -1 - 0 - ((21 - 4) + -17).
-1
9 - 4 - 3 - 4
-2
(0 - 6) + 4 - -3 - 2
-1
2 + (-4 + -1 - -4)
1
Calculate -10 + (11 - (6 - 1)).
-4
(5 - 7) + 5 - (2 - -3)
-2
Calculate -1 + (-1 - 2) + 2.
-2
What is (-2 - -3) + (8 - 15)?
-6
(-2 - -1) + (-7 - 9 - -14)
-3
Evaluate 8 + 2 + (0 - 5).
5
0 - 1 - (-66 - -69)
-4
Calculate (4 - 2) + (11 + 2 - 7).
8
What is -6 + (2 - (-5 - -10)) + 2?
-7
0 - -3 - 7 - (-2 + 1)
-3
What is -3 - (1 - (3 - 1)) - -3?
1
Calculate (-1 - (-4 + -5)) + -3.
5
Calculate -1 + 1 + -7 + 0 + 6.
-1
What is the value of -1 - -4 - (-178 + 183)?
-2
What is the value of -1 + -1 + 8 - (-26 + 31)?
1
What is the value of -9 + 8 - (0 + -1)?
0
Evaluate -8 + 5 + (0 - 0).
-3
What is the value of -13 + 2 + (-7 - -5 - -7)?
-6
Evaluate -10 + 8 + 5 + -17 + 5.
-9
Evaluate 21 + 11 + -13 - 11.
8
-6 + (1 - -1 - 0) - -4
0
Calculate 4 + 3 + -3 + -4.
0
Calculate -9 - ((19 - 9) + -25).
6
Calculate -3 - 8 - (-5 + 0).
-6
-1 + 7 + -9 - (-6 - 4)
7
Calculate 2 + -2 - 1 - (-41 - -37).
3
What is 6 + -1 + 8 + -22 + 8?
-1
What is (4 - 0) + (-1 - 1) - -2?
4
What is the value of 2 - (4 + (-5 - 0))?
3
(0 - -9) + (0 - 3) - 4
2
What is the value of -69 + 74 - (5 + 1)?
-1
What is the value of 13 + -14 + (2 - -4)?
5
What is the value of -12 + (-1 + -2 - 2) + 11?
-6
Evaluate 3 + (-5 - (-1 - 1)).
0
What is 5 + -6 + -10 + 11?
0
-1 + 0 + 15 - 5
9
(13 - 5) + (-1 - (0 + 2))
5
What is the value of 5 - (-4 + 0 - (-15 + 12))?
6
What is the value of ((5 - 1) + 0 - -2) + -2?
4
What is -1 + (-1 + 7 - 2)?
3
What is 0 - ((8 - 3) + 0 - 1)?
-4
Calculate 3 - (-4 + (5 - -2)).
0
Evaluate (-6 - -8) + 2 - (-3 + 0).
7
What is the value of (1 - -1) + 5 - 2?
5
What is the value of (15 - 17) + 2 + 0?
0
What is (4 - 1) + (13 - 19)?
-3
What is 3 + 2 + (5 - 4 - 2)?
4
Evaluate (2 - 3) + (-4 - -1).
-4
What is (-1 - 3) + (11 - 8)?
-1
What is the value of 10 - 6 - 3 - -1?
2
Evaluate 7 + -10 + 3 + 1.
1
What is -2 + -4 + 4 + -2?
-4
What is 8 + -10 + 3 - 8?
-7
6 - (-16 - -7 - -20)
-5
Evaluate 2 + (-6 + 2 - 2 - -2).
-2
What is (2 - -1) + (-4 - -13 - 13)?
-1
26 + -18 + 1 + (1 - 4)
6
What is -52 - -53 - (0 - -1 - 1)?
1
What is -3 + (-3 - (-4 + -1))?
-1
What is the value of -4 + (3 - (-3 + -3))?
5
Evaluate (9 - 12) + (0 - 1 - 1).
-5
Evaluate -6 - (3 + (-2 - 3) + -2).
-2
Evaluate 4 + (3 - 1) - (2 - -12).
-8
What is 2 - (-2 + 4) - -2?
2
What is -6 + (-1 + 5 - -7 - 7)?
-2
What is the value of -16 - -29 - (-1 + 10)?
4
What is the value of -2 - -1 - -2 - (-39 - -35)?
5
Calculate 3 + (1 - 8) + 2 + 2.
0
What is -1 - 2 - (11 + -12)?
-2
What is (-2 - (-2 + -2 - 0)) + -3?
-1
What is 1 + 6 - 10 - (1 - -1)?
-5
What is the value of 4 - (7 + 6) - -3?
-6
Calculate (-3 - 0) + (0 - -5).
2
What is (1 - (-3 - -3)) + -2 - 1?
-2
-4 + 0 + (5 - 6) + 6
1
Evaluate (-8 - (-10 + 16)) + 9.
-5
What is -9 + 5 - (-3 - 4 - -3)?
0
What is 3 + 0 + (-22 - -23)?
4
(25 - 32) + 4 + 2 + -1
-2
What is the value of 5 + (-6 - 2) + -2?
-5
Evaluate (-1 - 0) + 11 + -8.
2
Calculate 4 - (7 + -3 - 3) - 7.
-4
Calculate 19 - -1 - (-6 + 17).
9
What is 3 + -4 + 3 - -1?
3
What is 10 + (-3 - (-7 - -8))?
6
Evaluate (-1 - (-7 - 2)) + -8.
0
Calculate 4 + -1 + (0 - 6).
-3
Evaluate (-1 - (-5 + 1)) + -1.
2
Evaluate -1 + 2 + (7 + -14 - -4).
-2
What is (-1 + 5 - -1) + -4?
1
Calculate (-3 - -4 - 5) + 7.
3
Calculate (9 - ((-6 - -8) + 1)) + -4.
2
What is the value of -4 + -2 + 2 + -1?
-5
What is the value of 2 - 12 - (-2 - 2 - 0)?
-6
Evaluate 17 + -5 + -10 - 5.
-3
10 - 5 - 2 - 3
0
What is the value of 7 + -6 + 0 + (-2 - 0)?
-1
Calculate -3 - ((12 - (10 + -2)) + 0).
-7
What is the value of 10 - 15 - (1 - 3)?
-3
-13 - (13 - 11 - (5 + 3))
-7
What is (0 - 0) + (-139 - -135)?
-4
Calculate (-1 - -6) + -10 + (4 - -1).
0
2 + (3 - (-2 + -2) - 6)
3
Evaluate 4 - (6 + (0 - 3)).
1
Calculate -1 - -5 - (-1 - -5).
0
What is the value of 0 - ((7 - 10) + -3)?
6
What is the value of (-4 + 0 - (-1 + 0)) + 7?
4
Evaluate 2 + 1 + 0 + -4.
-1
3 + (-2 - (-1 + 4)) + 0
-2
What is the value of -8 + 5 + (-15 - -11)?
-7
-4 + 1 + -1 + -3 + 8
1
-4 - (8 + (0 - 11))
-1
Calculate -8 - (10 - (9 - 0)).
-9
Calculate 0 + 1 - 0 - (4 + -4).
1
4 + 3 + (-3 - (-1 - -4))
1
What is 4 + 18 + -26 + (6 - 1)?
1
Calculate 8 - (1 + 8) - 2.
-3
What is -14 - -7 - -14 - (-2 + 7)?
2
Calculate (-3 - (2 - 5)) + -2 + 0.
-2
What is the value of 7 + -10 + (3 - 0) + -3?
-3
(-5 - (3 + -8 - 1)) + 5
6
What is (1 + -2 - 6) + 1?
-6
Evaluate (-5 - 1) + 3 + 0.
-3
What is the value of -10 - (-8 + (3 - 1))?
-4
Evaluate 4 + 2 + 2 + -8.
0
Calculate -2 - 1 - -5 - 7.
-5
Calculate -4 + 2 + (0 - 3).
-5
What is the value of (2 - (4 - -3)) + 0 - -1?
-4
Calculate 4 - ((13 - 30) + 15).
6
Evaluate -73 + 81 + 0 + -5.
3
What is (2 + 2 + 0 - 6) + 4?
2
What is the value of -8 + (4 - (2 + (0 - 1)))?
-5
Evaluate 5 + -6 + 0 + -3.
-4
What is the value of (2 - -2) + 1 - 4 - 9?
-8
What is the value of -1 + 5 - (13 - (4 - -3))?
-2
What is 19 - (-5 - -19 - 3)?
8
2 - (-2 + 2 + -1) - 3
0
What is -7 - (-4 - (-1 + 5) - -6)?
-5
Evaluate 3 + -8 - (-6 + (-2 - -10)).
-7
What is the value of (5 - (-1 + -1)) + 39 + -42?
4
What is the value of -10 - (15 - (-8 - -35))?
2
Calculate -11 - -15 - (-3 - -11).
-4
What is the value of (2 - (10 + -9)) + -1 + 3?
3
What is 7 + -1 - 13 - -3?
-4
Calculate 5 + -3 + -9 + 5.
-2
(9 + -8 - 7) + 6
0
1 + 2 + 1 + 1 + -1
4
Calculate 5 + -1 - 12 - (0 + -3).
-5
Calculate 2 + -3 + -31 + 35 + 3.
6
What is the value of 1 + 1 - (-2 - -6)?
-2
(-4 + 6 - (6 - -1)) + 2
-3
-4 + 1 + (6 - 5)
-2
1 - 0 - (1 + -2)
2
What is 93 + -88 - (1 - -9)?
-5
What is 4 - (-11 + (7 - -7))?
1
What is -1 - -4 - (6 - 0) - -2?
-1
Evaluate 3 + -11 - (-11 + 0) - 11.
-8
-80 - -72 - (0 - 6) - -8
6
What is the value of -1 + 7 + (5 - 11)?
0
(-3 - -1) + 2 - (29 - 32)
3
1 - (-6 + -1 - -11)
-3
Evaluate -11 - (1 + 1 + -11 + 4).
-6
What is the value of -1 + 1 + 7 + -5 - 6?
-4
Evaluate 0 + -1 + 1 + 2 - 4.
-2
What is the value of -3 + -3 + 5 + 5?
4
Calculate 6 + -2 + -1 - 1 - 3.
-1
What is (-2 - (-5 - -2)) + -8 + 7?
0
What is -5 - (-2 - 1 - -6 - 4)?
-4
What is the value of -1 - 0 - (109 - 102)?
-8
What is -1 - 2 - 0 - 